{"id":36,"date":"2023-06-28T11:20:39","date_gmt":"2023-06-28T11:20:39","guid":{"rendered":"https:\/\/dahoconsultores.com\/?page_id=36"},"modified":"2026-04-29T21:48:49","modified_gmt":"2026-04-30T02:48:49","slug":"area-financiera-y-contable","status":"publish","type":"page","link":"https:\/\/dahoconsultores.com\/index.php\/area-financiera-y-contable\/","title":{"rendered":"\u00c1rea Financiera y Contable"},"content":{"rendered":"\t\t<div data-elementor-type=\"wp-page\" data-elementor-id=\"36\" class=\"elementor elementor-36\" data-elementor-post-type=\"page\">\n\t\t\t\t\t\t<section class=\"elementor-section elementor-top-section elementor-element elementor-element-2287892 elementor-section-content-middle elementor-section-boxed elementor-section-height-default elementor-section-height-default\" data-id=\"2287892\" data-element_type=\"section\" data-e-type=\"section\">\n\t\t\t\t\t\t<div class=\"elementor-container elementor-column-gap-default\">\n\t\t\t\t\t<div class=\"elementor-column elementor-col-100 elementor-top-column elementor-element elementor-element-abdc421\" data-id=\"abdc421\" data-element_type=\"column\" data-e-type=\"column\">\n\t\t\t<div class=\"elementor-widget-wrap elementor-element-populated\">\n\t\t\t\t\t\t<div class=\"elementor-element elementor-element-84b7001 elementor-widget elementor-widget-heading\" data-id=\"84b7001\" data-element_type=\"widget\" data-e-type=\"widget\" data-widget_type=\"heading.default\">\n\t\t\t\t<div class=\"elementor-widget-container\">\n\t\t\t\t\t<h1 class=\"elementor-heading-title elementor-size-default\">\u00c1REA FINANCIERA Y CONTABLE, AUDITORIA Y REVISORIA FISCAL<\/h1>\t\t\t\t<\/div>\n\t\t\t\t<\/div>\n\t\t\t\t<div class=\"elementor-element elementor-element-a10ba51 elementor-widget-divider--view-line elementor-widget elementor-widget-divider\" data-id=\"a10ba51\" data-element_type=\"widget\" data-e-type=\"widget\" data-widget_type=\"divider.default\">\n\t\t\t\t<div class=\"elementor-widget-container\">\n\t\t\t\t\t\t\t<div class=\"elementor-divider\">\n\t\t\t<span class=\"elementor-divider-separator\">\n\t\t\t\t\t\t<\/span>\n\t\t<\/div>\n\t\t\t\t\t\t<\/div>\n\t\t\t\t<\/div>\n\t\t\t\t\t<\/div>\n\t\t<\/div>\n\t\t\t\t\t<\/div>\n\t\t<\/section>\n\t\t\t\t<section class=\"elementor-section elementor-top-section elementor-element elementor-element-6c02a2a elementor-section-content-middle elementor-section-boxed elementor-section-height-default elementor-section-height-default\" data-id=\"6c02a2a\" data-element_type=\"section\" data-e-type=\"section\">\n\t\t\t\t\t\t<div class=\"elementor-container elementor-column-gap-default\">\n\t\t\t\t\t<div class=\"elementor-column elementor-col-50 elementor-top-column elementor-element elementor-element-c91287e\" data-id=\"c91287e\" data-element_type=\"column\" data-e-type=\"column\">\n\t\t\t<div class=\"elementor-widget-wrap elementor-element-populated\">\n\t\t\t\t\t\t<div class=\"elementor-element elementor-element-0418711 elementor-widget elementor-widget-text-editor\" data-id=\"0418711\" data-element_type=\"widget\" data-e-type=\"widget\" data-widget_type=\"text-editor.default\">\n\t\t\t\t<div class=\"elementor-widget-container\">\n\t\t\t\t\t\t\t\t\t<p>En alianza con <strong>Contaudit Consultants S.A.S<\/strong>, ofrecemos un portafolio integral de servicios contables, financieros y tributarios, enfocados en el cumplimiento normativo, la optimizaci\u00f3n de recursos y el fortalecimiento empresarial.<\/p><p>Contaudit Consultants S.A.S es una firma legalmente constituida y <strong>autorizada ante la Junta Central de Contadores<\/strong>, que presta sus servicios en estricto cumplimiento de las normas profesionales vigentes. Nuestro trabajo se desarrolla bajo <strong>est\u00e1ndares de control de calidad adoptados por la organizaci\u00f3n<\/strong>, garantizando confiabilidad, transparencia y rigor t\u00e9cnico en cada uno de los procesos.<\/p><p>Nuestro equipo cuenta con amplia experiencia en el manejo de empresas de diversos sectores, brindando acompa\u00f1amiento estrat\u00e9gico en la toma de decisiones y en la gesti\u00f3n de riesgos financieros, fiscales y corporativos.<\/p>\t\t\t\t\t\t\t\t<\/div>\n\t\t\t\t<\/div>\n\t\t\t\t\t<\/div>\n\t\t<\/div>\n\t\t\t\t<div class=\"elementor-column elementor-col-50 elementor-top-column elementor-element elementor-element-58a023e\" data-id=\"58a023e\" data-element_type=\"column\" data-e-type=\"column\">\n\t\t\t<div class=\"elementor-widget-wrap elementor-element-populated\">\n\t\t\t\t\t\t<div class=\"elementor-element elementor-element-75e6e20 elementor-widget elementor-widget-image\" data-id=\"75e6e20\" data-element_type=\"widget\" data-e-type=\"widget\" data-widget_type=\"image.default\">\n\t\t\t\t<div class=\"elementor-widget-container\">\n\t\t\t\t\t\t\t\t\t\t\t\t\t\t\t<img fetchpriority=\"high\" decoding=\"async\" width=\"711\" height=\"664\" src=\"https:\/\/dahoconsultores.com\/wp-content\/uploads\/2026\/04\/Contaudit-Consultants-1.jpeg\" class=\"attachment-full size-full wp-image-565\" alt=\"\" srcset=\"https:\/\/dahoconsultores.com\/wp-content\/uploads\/2026\/04\/Contaudit-Consultants-1.jpeg 711w, https:\/\/dahoconsultores.com\/wp-content\/uploads\/2026\/04\/Contaudit-Consultants-1-300x280.jpeg 300w\" sizes=\"(max-width: 711px) 100vw, 711px\" \/>\t\t\t\t\t\t\t\t\t\t\t\t\t\t\t<\/div>\n\t\t\t\t<\/div>\n\t\t\t\t\t<\/div>\n\t\t<\/div>\n\t\t\t\t\t<\/div>\n\t\t<\/section>\n\t\t\t\t<section class=\"elementor-section elementor-top-section elementor-element elementor-element-c8f8296 elementor-section-boxed elementor-section-height-default elementor-section-height-default\" data-id=\"c8f8296\" data-element_type=\"section\" data-e-type=\"section\">\n\t\t\t\t\t\t<div class=\"elementor-container elementor-column-gap-default\">\n\t\t\t\t\t<div class=\"elementor-column elementor-col-100 elementor-top-column elementor-element elementor-element-445226c\" data-id=\"445226c\" data-element_type=\"column\" data-e-type=\"column\">\n\t\t\t<div class=\"elementor-widget-wrap elementor-element-populated\">\n\t\t\t\t\t\t<div class=\"elementor-element elementor-element-0d5d743 elementor-widget elementor-widget-text-editor\" data-id=\"0d5d743\" data-element_type=\"widget\" data-e-type=\"widget\" data-widget_type=\"text-editor.default\">\n\t\t\t\t<div class=\"elementor-widget-container\">\n\t\t\t\t\t\t\t\t\t<p>Servicios:<\/p><ul><li>Outsourcing contable integral (registro, conciliaciones y estados financieros)<\/li><li>Asesor\u00eda y acompa\u00f1amiento contable permanente<\/li><li>Auditor\u00eda externa, interna y aseguramiento de informaci\u00f3n financiera<\/li><li>Revisor\u00eda fiscal con enfoque en control y cumplimiento normativo<\/li><li>Planeaci\u00f3n y cumplimiento tributario<\/li><li>Atenci\u00f3n de requerimientos y procesos ante la DIAN y entidades de control<\/li><li>Elaboraci\u00f3n de declaraciones tributarias (personas jur\u00eddicas y naturales)<\/li><li>Gesti\u00f3n de devoluciones y\/o compensaciones de impuestos<\/li><li>N\u00f3mina, seguridad social y obligaciones laborales<\/li><li>Constituci\u00f3n y formalizaci\u00f3n de sociedades comerciales y ESAL<\/li><li>Reorganizaci\u00f3n empresarial bajo Ley 1116 (procesos de insolvencia)<\/li><li>Liquidaci\u00f3n de empresas y procesos de liquidaci\u00f3n voluntaria y judicial<\/li><li>Implementaci\u00f3n de NIIF y actualizaci\u00f3n contable<\/li><li>Consultor\u00eda financiera<\/li><\/ul>\t\t\t\t\t\t\t\t<\/div>\n\t\t\t\t<\/div>\n\t\t\t\t\t<\/div>\n\t\t<\/div>\n\t\t\t\t\t<\/div>\n\t\t<\/section>\n\t\t\t\t<section class=\"elementor-section elementor-top-section elementor-element elementor-element-7948b64 elementor-section-boxed elementor-section-height-default elementor-section-height-default\" data-id=\"7948b64\" data-element_type=\"section\" data-e-type=\"section\">\n\t\t\t\t\t\t<div class=\"elementor-container elementor-column-gap-default\">\n\t\t\t\t\t<div class=\"elementor-column elementor-col-100 elementor-top-column elementor-element elementor-element-2284367\" data-id=\"2284367\" data-element_type=\"column\" data-e-type=\"column\">\n\t\t\t<div class=\"elementor-widget-wrap elementor-element-populated\">\n\t\t\t\t\t\t<div class=\"elementor-element elementor-element-9197286 elementor-widget elementor-widget-heading\" data-id=\"9197286\" data-element_type=\"widget\" data-e-type=\"widget\" data-widget_type=\"heading.default\">\n\t\t\t\t<div class=\"elementor-widget-container\">\n\t\t\t\t\t<h2 class=\"elementor-heading-title elementor-size-default\">Director del \u00c1rea.<\/h2>\t\t\t\t<\/div>\n\t\t\t\t<\/div>\n\t\t\t\t<div class=\"elementor-element elementor-element-8b8311a elementor-widget elementor-widget-text-editor\" data-id=\"8b8311a\" data-element_type=\"widget\" data-e-type=\"widget\" data-widget_type=\"text-editor.default\">\n\t\t\t\t<div class=\"elementor-widget-container\">\n\t\t\t\t\t\t\t\t\t<p><strong>Sebasti\u00e1n Salazar Aguirre<\/strong><br \/>Socio Fundador<\/p><p><strong>Perfil profesional:<\/strong><\/p><p>Contador P\u00fablico, Revisor Fiscal y Auditor Externo con amplia trayectoria en \u00e1reas contables, financieras y tributarias. Cuenta con experiencia en el manejo integral de empresas de distintos sectores, as\u00ed como en el acompa\u00f1amiento de procesos de reorganizaci\u00f3n empresarial, insolvencia y liquidaciones judiciales ante entidades de inspecci\u00f3n, vigilancia y control.<\/p><p>Su experiencia en el sector p\u00fablico, particularmente en la DIAN, le permite brindar un enfoque estrat\u00e9gico en materia fiscal y en la atenci\u00f3n de requerimientos administrativos.<\/p><p><strong>Perfil ocupacional:<\/strong><\/p><p>Profesional orientado a la optimizaci\u00f3n de recursos financieros y fiscales, con capacidad para dise\u00f1ar e implementar soluciones integrales que permitan a las organizaciones maximizar su rentabilidad y garantizar el cumplimiento normativo.<\/p><p>Se destaca por su enfoque estrat\u00e9gico, \u00e9tico y orientado a resultados, aportando valor en la toma de decisiones empresariales y en la gesti\u00f3n eficiente de riesgos contables y tributarios.<\/p>\t\t\t\t\t\t\t\t<\/div>\n\t\t\t\t<\/div>\n\t\t\t\t\t<\/div>\n\t\t<\/div>\n\t\t\t\t\t<\/div>\n\t\t<\/section>\n\t\t\t\t<section class=\"elementor-section elementor-top-section elementor-element elementor-element-fda342c elementor-section-boxed elementor-section-height-default elementor-section-height-default\" data-id=\"fda342c\" data-element_type=\"section\" data-e-type=\"section\">\n\t\t\t\t\t\t<div class=\"elementor-container elementor-column-gap-default\">\n\t\t\t\t\t<div class=\"elementor-column elementor-col-100 elementor-top-column elementor-element elementor-element-878bf27\" data-id=\"878bf27\" data-element_type=\"column\" data-e-type=\"column\">\n\t\t\t<div class=\"elementor-widget-wrap elementor-element-populated\">\n\t\t\t\t\t\t<div class=\"elementor-element elementor-element-355e361 elementor-widget elementor-widget-text-editor\" data-id=\"355e361\" data-element_type=\"widget\" data-e-type=\"widget\" data-widget_type=\"text-editor.default\">\n\t\t\t\t<div class=\"elementor-widget-container\">\n\t\t\t\t\t\t\t\t\t<p><strong>Informaci\u00f3n de contacto<\/strong><\/p><p><strong>Contaudit Consultants S.A.S<\/strong><br \/>NIT: 901.710.794-4<br \/>Direcci\u00f3n: Calle 122 #15 \u2013 09 Edificio Epicentro, Oficina 306 \u2013 Bogot\u00e1 D.C.<br \/>Tel\u00e9fono: 3332542132<br \/>Correo: contact@contauditconsultants.com.co<\/p>\t\t\t\t\t\t\t\t<\/div>\n\t\t\t\t<\/div>\n\t\t\t\t\t<\/div>\n\t\t<\/div>\n\t\t\t\t\t<\/div>\n\t\t<\/section>\n\t\t\t\t<\/div>\n\t\t","protected":false},"excerpt":{"rendered":"<p>\u00c1REA FINANCIERA Y CONTABLE, AUDITORIA Y REVISORIA FISCAL En alianza con Contaudit Consultants S.A.S, ofrecemos un portafolio integral de servicios contables, financieros y tributarios, enfocados en el cumplimiento normativo, la optimizaci\u00f3n de recursos y el fortalecimiento empresarial. Contaudit Consultants S.A.S es una firma legalmente constituida y autorizada ante la Junta Central de Contadores, que presta [&hellip;]<\/p>\n","protected":false},"author":1,"featured_media":0,"parent":0,"menu_order":0,"comment_status":"closed","ping_status":"closed","template":"elementor_header_footer","meta":{"_joinchat":[],"footnotes":""},"class_list":["post-36","page","type-page","status-publish","hentry"],"yoast_head":"<!-- This site is optimized with the Yoast SEO plugin v27.4 - https:\/\/yoast.com\/product\/yoast-seo-wordpress\/ -->\n<title>\u00c1rea Financiera y Contable - DAHO Consultores<\/title>\n<meta name=\"robots\" content=\"index, follow, max-snippet:-1, max-image-preview:large, max-video-preview:-1\" \/>\n<link rel=\"canonical\" href=\"https:\/\/dahoconsultores.com\/index.php\/area-financiera-y-contable\/\" \/>\n<meta property=\"og:locale\" content=\"es_ES\" \/>\n<meta property=\"og:type\" content=\"article\" \/>\n<meta property=\"og:title\" content=\"\u00c1rea Financiera y Contable - DAHO Consultores\" \/>\n<meta property=\"og:description\" content=\"\u00c1REA FINANCIERA Y CONTABLE, AUDITORIA Y REVISORIA FISCAL En alianza con Contaudit Consultants S.A.S, ofrecemos un portafolio integral de servicios contables, financieros y tributarios, enfocados en el cumplimiento normativo, la optimizaci\u00f3n de recursos y el fortalecimiento empresarial. Contaudit Consultants S.A.S es una firma legalmente constituida y autorizada ante la Junta Central de Contadores, que presta [&hellip;]\" \/>\n<meta property=\"og:url\" content=\"https:\/\/dahoconsultores.com\/index.php\/area-financiera-y-contable\/\" \/>\n<meta property=\"og:site_name\" content=\"DAHO Consultores\" \/>\n<meta property=\"article:modified_time\" content=\"2026-04-30T02:48:49+00:00\" \/>\n<meta property=\"og:image\" content=\"https:\/\/dahoconsultores.com\/wp-content\/uploads\/2026\/04\/Contaudit-Consultants-1.jpeg\" \/>\n<meta name=\"twitter:card\" content=\"summary_large_image\" \/>\n<meta name=\"twitter:label1\" content=\"Tiempo de lectura\" \/>\n\t<meta name=\"twitter:data1\" content=\"3 minutos\" \/>\n<script type=\"application\/ld+json\" class=\"yoast-schema-graph\">{\"@context\":\"https:\\\/\\\/schema.org\",\"@graph\":[{\"@type\":\"WebPage\",\"@id\":\"https:\\\/\\\/dahoconsultores.com\\\/index.php\\\/area-financiera-y-contable\\\/\",\"url\":\"https:\\\/\\\/dahoconsultores.com\\\/index.php\\\/area-financiera-y-contable\\\/\",\"name\":\"\u00c1rea Financiera y Contable - DAHO Consultores\",\"isPartOf\":{\"@id\":\"https:\\\/\\\/dahoconsultores.com\\\/#website\"},\"primaryImageOfPage\":{\"@id\":\"https:\\\/\\\/dahoconsultores.com\\\/index.php\\\/area-financiera-y-contable\\\/#primaryimage\"},\"image\":{\"@id\":\"https:\\\/\\\/dahoconsultores.com\\\/index.php\\\/area-financiera-y-contable\\\/#primaryimage\"},\"thumbnailUrl\":\"https:\\\/\\\/dahoconsultores.com\\\/wp-content\\\/uploads\\\/2026\\\/04\\\/Contaudit-Consultants-1.jpeg\",\"datePublished\":\"2023-06-28T11:20:39+00:00\",\"dateModified\":\"2026-04-30T02:48:49+00:00\",\"breadcrumb\":{\"@id\":\"https:\\\/\\\/dahoconsultores.com\\\/index.php\\\/area-financiera-y-contable\\\/#breadcrumb\"},\"inLanguage\":\"es\",\"potentialAction\":[{\"@type\":\"ReadAction\",\"target\":[\"https:\\\/\\\/dahoconsultores.com\\\/index.php\\\/area-financiera-y-contable\\\/\"]}]},{\"@type\":\"ImageObject\",\"inLanguage\":\"es\",\"@id\":\"https:\\\/\\\/dahoconsultores.com\\\/index.php\\\/area-financiera-y-contable\\\/#primaryimage\",\"url\":\"https:\\\/\\\/dahoconsultores.com\\\/wp-content\\\/uploads\\\/2026\\\/04\\\/Contaudit-Consultants-1.jpeg\",\"contentUrl\":\"https:\\\/\\\/dahoconsultores.com\\\/wp-content\\\/uploads\\\/2026\\\/04\\\/Contaudit-Consultants-1.jpeg\",\"width\":711,\"height\":664},{\"@type\":\"BreadcrumbList\",\"@id\":\"https:\\\/\\\/dahoconsultores.com\\\/index.php\\\/area-financiera-y-contable\\\/#breadcrumb\",\"itemListElement\":[{\"@type\":\"ListItem\",\"position\":1,\"name\":\"Portada\",\"item\":\"https:\\\/\\\/dahoconsultores.com\\\/\"},{\"@type\":\"ListItem\",\"position\":2,\"name\":\"\u00c1rea Financiera y Contable\"}]},{\"@type\":\"WebSite\",\"@id\":\"https:\\\/\\\/dahoconsultores.com\\\/#website\",\"url\":\"https:\\\/\\\/dahoconsultores.com\\\/\",\"name\":\"DAHO Consultores\",\"description\":\"DAHO Consultores - Somos un grupo de profesionales que se unieron a partir de las fortalezas individuales que sumadas constituyen un equipo fuerte y multidisciplinario.\",\"publisher\":{\"@id\":\"https:\\\/\\\/dahoconsultores.com\\\/#organization\"},\"alternateName\":\"DAHO Consultores - Somos un grupo de profesionales que se unieron a partir de las fortalezas individuales que sumadas constituyen un equipo fuerte y multidisciplinario.\",\"potentialAction\":[{\"@type\":\"SearchAction\",\"target\":{\"@type\":\"EntryPoint\",\"urlTemplate\":\"https:\\\/\\\/dahoconsultores.com\\\/?s={search_term_string}\"},\"query-input\":{\"@type\":\"PropertyValueSpecification\",\"valueRequired\":true,\"valueName\":\"search_term_string\"}}],\"inLanguage\":\"es\"},{\"@type\":\"Organization\",\"@id\":\"https:\\\/\\\/dahoconsultores.com\\\/#organization\",\"name\":\"DAHO Consultores\",\"alternateName\":\"DAHO Consultores - Somos un grupo de profesionales que se unieron a partir de las fortalezas individuales que sumadas constituyen un equipo fuerte y multidisciplinario.\",\"url\":\"https:\\\/\\\/dahoconsultores.com\\\/\",\"logo\":{\"@type\":\"ImageObject\",\"inLanguage\":\"es\",\"@id\":\"https:\\\/\\\/dahoconsultores.com\\\/#\\\/schema\\\/logo\\\/image\\\/\",\"url\":\"https:\\\/\\\/dahoconsultores.com\\\/wp-content\\\/uploads\\\/2023\\\/05\\\/logo-png-azul.png\",\"contentUrl\":\"https:\\\/\\\/dahoconsultores.com\\\/wp-content\\\/uploads\\\/2023\\\/05\\\/logo-png-azul.png\",\"width\":3737,\"height\":1537,\"caption\":\"DAHO Consultores\"},\"image\":{\"@id\":\"https:\\\/\\\/dahoconsultores.com\\\/#\\\/schema\\\/logo\\\/image\\\/\"}}]}<\/script>\n<!-- \/ Yoast SEO plugin. -->","yoast_head_json":{"title":"\u00c1rea Financiera y Contable - DAHO Consultores","robots":{"index":"index","follow":"follow","max-snippet":"max-snippet:-1","max-image-preview":"max-image-preview:large","max-video-preview":"max-video-preview:-1"},"canonical":"https:\/\/dahoconsultores.com\/index.php\/area-financiera-y-contable\/","og_locale":"es_ES","og_type":"article","og_title":"\u00c1rea Financiera y Contable - DAHO Consultores","og_description":"\u00c1REA FINANCIERA Y CONTABLE, AUDITORIA Y REVISORIA FISCAL En alianza con Contaudit Consultants S.A.S, ofrecemos un portafolio integral de servicios contables, financieros y tributarios, enfocados en el cumplimiento normativo, la optimizaci\u00f3n de recursos y el fortalecimiento empresarial. Contaudit Consultants S.A.S es una firma legalmente constituida y autorizada ante la Junta Central de Contadores, que presta [&hellip;]","og_url":"https:\/\/dahoconsultores.com\/index.php\/area-financiera-y-contable\/","og_site_name":"DAHO Consultores","article_modified_time":"2026-04-30T02:48:49+00:00","og_image":[{"url":"https:\/\/dahoconsultores.com\/wp-content\/uploads\/2026\/04\/Contaudit-Consultants-1.jpeg","type":"","width":"","height":""}],"twitter_card":"summary_large_image","twitter_misc":{"Tiempo de lectura":"3 minutos"},"schema":{"@context":"https:\/\/schema.org","@graph":[{"@type":"WebPage","@id":"https:\/\/dahoconsultores.com\/index.php\/area-financiera-y-contable\/","url":"https:\/\/dahoconsultores.com\/index.php\/area-financiera-y-contable\/","name":"\u00c1rea Financiera y Contable - DAHO Consultores","isPartOf":{"@id":"https:\/\/dahoconsultores.com\/#website"},"primaryImageOfPage":{"@id":"https:\/\/dahoconsultores.com\/index.php\/area-financiera-y-contable\/#primaryimage"},"image":{"@id":"https:\/\/dahoconsultores.com\/index.php\/area-financiera-y-contable\/#primaryimage"},"thumbnailUrl":"https:\/\/dahoconsultores.com\/wp-content\/uploads\/2026\/04\/Contaudit-Consultants-1.jpeg","datePublished":"2023-06-28T11:20:39+00:00","dateModified":"2026-04-30T02:48:49+00:00","breadcrumb":{"@id":"https:\/\/dahoconsultores.com\/index.php\/area-financiera-y-contable\/#breadcrumb"},"inLanguage":"es","potentialAction":[{"@type":"ReadAction","target":["https:\/\/dahoconsultores.com\/index.php\/area-financiera-y-contable\/"]}]},{"@type":"ImageObject","inLanguage":"es","@id":"https:\/\/dahoconsultores.com\/index.php\/area-financiera-y-contable\/#primaryimage","url":"https:\/\/dahoconsultores.com\/wp-content\/uploads\/2026\/04\/Contaudit-Consultants-1.jpeg","contentUrl":"https:\/\/dahoconsultores.com\/wp-content\/uploads\/2026\/04\/Contaudit-Consultants-1.jpeg","width":711,"height":664},{"@type":"BreadcrumbList","@id":"https:\/\/dahoconsultores.com\/index.php\/area-financiera-y-contable\/#breadcrumb","itemListElement":[{"@type":"ListItem","position":1,"name":"Portada","item":"https:\/\/dahoconsultores.com\/"},{"@type":"ListItem","position":2,"name":"\u00c1rea Financiera y Contable"}]},{"@type":"WebSite","@id":"https:\/\/dahoconsultores.com\/#website","url":"https:\/\/dahoconsultores.com\/","name":"DAHO Consultores","description":"DAHO Consultores - Somos un grupo de profesionales que se unieron a partir de las fortalezas individuales que sumadas constituyen un equipo fuerte y multidisciplinario.","publisher":{"@id":"https:\/\/dahoconsultores.com\/#organization"},"alternateName":"DAHO Consultores - Somos un grupo de profesionales que se unieron a partir de las fortalezas individuales que sumadas constituyen un equipo fuerte y multidisciplinario.","potentialAction":[{"@type":"SearchAction","target":{"@type":"EntryPoint","urlTemplate":"https:\/\/dahoconsultores.com\/?s={search_term_string}"},"query-input":{"@type":"PropertyValueSpecification","valueRequired":true,"valueName":"search_term_string"}}],"inLanguage":"es"},{"@type":"Organization","@id":"https:\/\/dahoconsultores.com\/#organization","name":"DAHO Consultores","alternateName":"DAHO Consultores - Somos un grupo de profesionales que se unieron a partir de las fortalezas individuales que sumadas constituyen un equipo fuerte y multidisciplinario.","url":"https:\/\/dahoconsultores.com\/","logo":{"@type":"ImageObject","inLanguage":"es","@id":"https:\/\/dahoconsultores.com\/#\/schema\/logo\/image\/","url":"https:\/\/dahoconsultores.com\/wp-content\/uploads\/2023\/05\/logo-png-azul.png","contentUrl":"https:\/\/dahoconsultores.com\/wp-content\/uploads\/2023\/05\/logo-png-azul.png","width":3737,"height":1537,"caption":"DAHO Consultores"},"image":{"@id":"https:\/\/dahoconsultores.com\/#\/schema\/logo\/image\/"}}]}},"_links":{"self":[{"href":"https:\/\/dahoconsultores.com\/index.php\/wp-json\/wp\/v2\/pages\/36","targetHints":{"allow":["GET"]}}],"collection":[{"href":"https:\/\/dahoconsultores.com\/index.php\/wp-json\/wp\/v2\/pages"}],"about":[{"href":"https:\/\/dahoconsultores.com\/index.php\/wp-json\/wp\/v2\/types\/page"}],"author":[{"embeddable":true,"href":"https:\/\/dahoconsultores.com\/index.php\/wp-json\/wp\/v2\/users\/1"}],"replies":[{"embeddable":true,"href":"https:\/\/dahoconsultores.com\/index.php\/wp-json\/wp\/v2\/comments?post=36"}],"version-history":[{"count":28,"href":"https:\/\/dahoconsultores.com\/index.php\/wp-json\/wp\/v2\/pages\/36\/revisions"}],"predecessor-version":[{"id":571,"href":"https:\/\/dahoconsultores.com\/index.php\/wp-json\/wp\/v2\/pages\/36\/revisions\/571"}],"wp:attachment":[{"href":"https:\/\/dahoconsultores.com\/index.php\/wp-json\/wp\/v2\/media?parent=36"}],"curies":[{"name":"wp","href":"https:\/\/api.w.org\/{rel}","templated":true}]}}